774?
2, 3, 227
List the prime factors of 477.
3, 53
List the prime factors of 172.
2, 43
List the prime factors of 803.
11, 73
What are the prime factors of 1612?
2, 13, 31
List the prime factors of 2941.
17, 173
What are the prime factors of 7897?
53, 149
What are the prime factors of 1732?
2, 433
What are the prime factors of 1441?
11, 131
What are the prime factors of 31931?
37, 863
List the prime factors of 2256.
2, 3, 47
List the prime factors of 14059.
17, 827
List the prime factors of 849.
3, 283
What are the prime factors of 3328?
2, 13
List the prime factors of 757.
757
List the prime factors of 16468.
2, 23, 179
List the prime factors of 2150.
2, 5, 43
List the prime factors of 91778.
2, 109, 421
List the prime factors of 382.
2, 191
What are the prime factors of 7542?
2, 3, 419
List the prime factors of 81697.
7, 11, 1061
What are the prime factors of 165116?
2, 7, 5897
What are the prime factors of 43444?
2, 10861
What are the prime factors of 7298?
2, 41, 89
List the prime factors of 20262.
2, 3, 11, 307
List the prime factors of 4359.
3, 1453
List the prime factors of 44133.
3, 47, 313
List the prime factors of 2046.
2, 3, 11, 31
What are the prime factors of 23860?
2, 5, 1193
What are the prime factors of 43?
43
List the prime factors of 899.
29, 31
List the prime factors of 6305.
5, 13, 97
List the prime factors of 1277.
1277
What are the prime factors of 687?
3, 229
List the prime factors of 2720.
2, 5, 17
List the prime factors of 3092.
2, 773
List the prime factors of 40615.
5, 8123
What are the prime factors of 2285?
5, 457
What are the prime factors of 500?
2, 5
List the prime factors of 37904.
2, 23, 103
List the prime factors of 1398.
2, 3, 233
List the prime factors of 851.
23, 37
List the prime factors of 7807.
37, 211
What are the prime factors of 5015?
5, 17, 59
What are the prime factors of 4273?
4273
List the prime factors of 3597.
3, 11, 109
What are the prime factors of 4012?
2, 17, 59
What are the prime factors of 106039?
19, 5581
List the prime factors of 6166.
2, 3083
List the prime factors of 4451.
4451
What are the prime factors of 18242?
2, 7, 1303
What are the prime factors of 1970?
2, 5, 197
What are the prime factors of 2760?
2, 3, 5, 23
What are the prime factors of 4349?
4349
What are the prime factors of 18963?
3, 7, 43
What are the prime factors of 17485?
5, 13, 269
List the prime factors of 8555.
5, 29, 59
What are the prime factors of 28507?
29, 983
What are the prime factors of 486?
2, 3
What are the prime factors of 1387?
19, 73
List the prime factors of 6240.
2, 3, 5, 13
What are the prime factors of 1637?
1637
What are the prime factors of 22621?
22621
List the prime factors of 124908.
2, 3, 7, 1487
List the prime factors of 766.
2, 383
What are the prime factors of 5710?
2, 5, 571
List the prime factors of 119603.
11, 83, 131
What are the prime factors of 76?
2, 19
What are the prime factors of 3727?
3727
List the prime factors of 1108.
2, 277
List the prime factors of 29566.
2, 14783
What are the prime factors of 5178?
2, 3, 863
What are the prime factors of 298?
2, 149
List the prime factors of 9708.
2, 3, 809
List the prime factors of 4610.
2, 5, 461
What are the prime factors of 121113?
3, 13457
What are the prime factors of 2395?
5, 479
List the prime factors of 15926.
2, 7963
What are the prime factors of 1238?
2, 619
List the prime factors of 4323.
3, 11, 131
List the prime factors of 34342.
2, 7, 11, 223
What are the prime factors of 2011?
2011
What are the prime factors of 69636?
2, 3, 7, 829
List the prime factors of 8588.
2, 19, 113
List the prime factors of 10041.
3, 3347
List the prime factors of 1416.
2, 3, 59
What are the prime factors of 2586?
2, 3, 431
What are the prime factors of 2236?
2, 13, 43
List the prime factors of 17362.
2, 8681
List the prime factors of 601.
601
List the prime factors of 366.
2, 3, 61
List the prime factors of 38938.
2, 19469
What are the prime factors of 9949?
9949
List the prime factors of 1743.
3, 7, 83
What are the prime factors of 20767?
19, 1093
What are the prime factors of 1797?
3, 599
List the prime factors of 24673.
11, 2243
List the prime factors of 14043.
3, 31, 151
What are the prime factors of 5412?
2, 3, 11, 41
List the prime factors of 227.
227
What are the prime factors of 4366?
2, 37, 59
What are the prime factors of 2379?
3, 13, 61
List the prime factors of 4205.
5, 29
List the prime factors of 14756.
2, 7, 17, 31
What are the prime factors of 6418?
2, 3209
List the prime factors of 124.
2, 31
What are the prime factors of 1862?
2, 7, 19
What are the prime factors of 750?
2, 3, 5
What are the prime factors of 21934?
2, 11, 997
What are the prime factors of 682?
2, 11, 31
What are the prime factors of 50712?
2, 3, 2113
List the prime factors of 2866.
2, 1433
What are the prime factors of 61039?
11, 31, 179
List the prime factors of 16295.
5, 3259
What are the prime factors of 27418?
2, 13709
What are the prime factors of 64498?
2, 7, 17, 271
What are the prime factors of 1428?
2, 3, 7, 17
List the prime factors of 975.
3, 5, 13
List the prime factors of 294.
2, 3, 7
List the prime factors of 8468.
2, 29, 73
What are the prime factors of 8463?
3, 7, 13, 31
What are the prime factors of 8494?
2, 31, 137
List the prime factors of 584.
2, 73
What are the prime factors of 120?
2, 3, 5
What are the prime factors of 15030?
2, 3, 5, 167
List the prime factors of 80613.
3, 13, 53
What are the prime factors of 17343?
3, 41, 47
What are the prime factors of 2042?
2, 1021
List the prime factors of 1199.
11, 109
List the prime factors of 9243.
3, 13, 79
What are the prime factors of 2157?
3, 719
List the prime factors of 109981.
109, 1009
List the prime factors of 789.
3, 263
What are the prime factors of 1215?
3, 5
What are the prime factors of 14399?
7, 11, 17
List the prime factors of 36536.
2, 4567
List the prime factors of 197.
197
What are the prime factors of 1108?
2, 277
What are the prime factors of 44390?
2, 5, 23, 193
What are the prime factors of 1133?
11, 103
What are the prime factors of 30654?
2, 3, 13, 131
What are the prime factors of 1958?
2, 11, 89
List the prime factors of 26470.
2, 5, 2647
What are the prime factors of 20650?
2, 5, 7, 59
List the prime factors of 143.
11, 13
List the prime factors of 3536.
2, 13, 17
List the prime factors of 11350.
2, 5, 227
What are the prime factors of 25720?
2, 5, 643
What are the prime factors of 32394?
2, 3, 5399
List the prime factors of 25093.
23, 1091
What are the prime factors of 62084?
2, 11, 17, 83
What are the prime factors of 3820?
2, 5, 191
List the prime factors of 5942.
2, 2971
List the prime factors of 4788.
2, 3, 7, 19
What are the prime factors of 812?
2, 7, 29
List the prime factors of 13733.
31, 443
What are the prime factors of 5355?
3, 5, 7, 17
What are the prime factors of 702?
2, 3, 13
List the prime factors of 11339.
17, 23, 29
What are the prime factors of 5400?
2, 3, 5
What are the prime factors of 120016?
2, 13, 577
What are the prime factors of 2898?
2, 3, 7, 23
List the prime factors of 8100.
2, 3, 5
List the prime factors of 7943.
13, 47
List the prime factors of 1608.
2, 3, 67
List the prime factors of 1162.
2, 7, 83
What are the prime factors of 107125?
5, 857
List the prime factors of 1747.
1747
What are the prime factors of 6427?
6427
What are the prime factors of 3901?
47, 83
List the prime factors of 904.
2, 113
What are the prime factors of 3593?
3593
What are the prime factors of 54079?
41, 1319
What are the prime factors of 2047?
23, 89
What are the prime factors of 15342?
2, 3, 2557
What are the prime factors of 5867?
5867
What are the prime factors of 385?
5, 7, 11
List the prime factors of 85191.
3, 73, 389
What are the prime factors of 1802?
2, 17, 53
What are the prime factors of 1840?
2, 5, 23
List the prime factors of 7740.
2, 3, 5, 43
What are the prime factors of 416?
2, 13
What are the prime factors of 1083?
3, 19
What are the prime factors of 148?
2, 37
List the prime factors of 3639.
3, 1213
What are the prime factors of 122?
2, 61
What are the prime factors of 6061?
11, 19, 29
What are the prime factors of 3301?
3301
What are the prime factors of 7344?
2, 3, 17
What are the prime factors of 10091?
10091
List the prime factors of 5522